onvert -31562 (base 7) to base 9.
-11665
What is 111210 (base 3) in base 7?
1041
Convert -1066 (base 8) to base 10.
-566
-3433 (base 5) to base 10
-493
What is -3235 (base 11) in base 7?
-15313
33 (base 13) to base 16
2a
Convert -21004 (base 5) to base 10.
-1379
What is -3163 (base 8) in base 2?
-11001110011
What is a440 (base 11) in base 7?
55226
Convert -3652 (base 7) to base 8.
-2520
-126334 (base 7) to base 6
-302211
Convert 13026 (base 7) to base 9.
4653
Convert 561 (base 9) to base 2.
111001100
Convert -1553 (base 7) to base 6.
-2522
10111110111 (base 2) to base 9
2076
102220121 (base 3) to base 9
12817
Convert -2043323 (base 5) to base 15.
-a20d
-1b6 (base 13) to base 7
-633
Convert -5bf (base 16) to base 7.
-4201
30031 (base 5) to base 2
11101100011
3a98 (base 13) to base 7
33336
Convert 112 (base 6) to base 5.
134
What is -6500 (base 9) in base 16?
-12ab
What is -56015 (base 8) in base 10?
-23565
What is 25b2 (base 12) in base 3?
12220122
What is -790 (base 10) in base 11?
-659
What is -1111000 (base 2) in base 7?
-231
145 (base 16) to base 6
1301
333 (base 11) to base 10
399
Convert 10783 (base 13) to base 2.
111010010011011
Convert 45f (base 16) to base 8.
2137
What is 21103221 (base 4) in base 3?
1221021220
-11042 (base 5) to base 15
-367
Convert a0b9 (base 13) to base 6.
250230
What is -15216 (base 14) in base 2?
-1100110101000100
2625 (base 8) to base 12
9b1
Convert -3770 (base 9) to base 12.
-1769
-1c3 (base 16) to base 13
-289
Convert -1011010001010 (base 2) to base 8.
-13212
What is 11133322 (base 4) in base 7?
122443
3106 (base 8) to base 11
1230
-1333 (base 12) to base 10
-2199
Convert -201112 (base 3) to base 8.
-1017
What is 2012 (base 4) in base 11?
112
3173 (base 10) to base 2
110001100101
Convert -252 (base 7) to base 13.
-a5
321 (base 12) to base 9
557
Convert -2748 (base 9) to base 6.
-13325
500 (base 9) to base 7
1116
What is 41302 (base 7) in base 5?
310341
Convert -322053 (base 7) to base 16.
-da8b
What is 10011100010010000 (base 2) in base 6?
1414240
36357 (base 8) to base 4
3303233
What is 648 (base 10) in base 9?
800
What is -651 (base 11) in base 13?
-482
-41767 (base 10) to base 13
-1601b
What is 27610 (base 8) in base 16?
2f88
What is -13857 (base 9) in base 4?
-2103220
What is -1210 (base 12) in base 6?
-13220
What is 2268 (base 9) in base 3?
2022022
Convert 45163 (base 8) to base 12.
b043
What is -14b (base 15) in base 3?
-101222
What is 313342 (base 5) in base 4?
2203220
283a (base 13) to base 10
5795
-2e8c (base 15) to base 5
-310112
What is 211012 (base 5) in base 9?
10545
What is -10010011000 (base 2) in base 15?
-536
1002000 (base 3) to base 16
30f
Convert 1211111 (base 3) to base 11.
1005
-a62e (base 15) to base 7
-204314
What is 10011 (base 3) in base 12?
71
-54215 (base 7) to base 13
-61a6
-266 (base 16) to base 8
-1146
-3255 (base 11) to base 16
-10c7
Convert 1001010111011000 (base 2) to base 11.
26903
What is 199 (base 11) in base 10?
229
Convert a43 (base 15) to base 16.
909
What is -13002 (base 4) in base 7?
-1212
Convert -387 (base 10) to base 16.
-183
Convert -7620 (base 12) to base 5.
-403414
Convert 18110 (base 11) to base 4.
12031031
What is -57675 (base 11) in base 14?
-22522
Convert 10054 (base 11) to base 7.
60600
Convert -35 (base 8) to base 9.
-32
21405 (base 11) to base 6
355554
What is -157425 (base 8) in base 15?
-11dc4
Convert 5780 (base 9) to base 6.
31500
Convert -a278 (base 11) to base 8.
-32505
7bcc (base 16) to base 3
1121110210
3151 (base 7) to base 12
78a
What is 1257 (base 11) in base 12?
b43
Convert 1010201 (base 3) to base 8.
1475
-291 (base 14) to base 7
-1341
161461 (base 7) to base 2
111110000110011
10011100001 (base 2) to base 15
584
263 (base 8) to base 7
344
Convert 2322332 (base 4) to base 14.
450a
1100120001 (base 3) to base 11
19028
-943 (base 10) to base 3
-1021221
What is -1666 (base 10) in base 11?
-1285
Convert -5568 (base 10) to base 15.
-19b3
Convert 1206 (base 8) to base 4.
22012
Convert 9322 (base 15) to base 11.
21397
-10212 (base 4) to base 6
-1210
What is -1210201 (base 3) in base 4?
-110203
What is -1791 (base 11) in base 8?
-4346
What is 278 (base 10) in base 8?
426
Convert -1110010011001101 (base 2) to base 10.
-58573
What is -2551 (base 8) in base 15?
-625
Convert -1be (base 15) to base 14.
-20c
What is 1a672 (base 12) in base 6?
500222
What is 24122 (base 5) in base 6?
12135
Convert -957 (base 10) to base 8.
-1675
What is -1654 (base 8) in base 11?
-785
14433 (base 5) to base 10
1243
Convert -43a4 (base 11) to base 6.
-42505
What is -1ba (base 15) in base 7?
-1111
Convert 89 (base 10) to base 16.
59
31f (base 16) to base 15
384
Convert 60e (base 16) to base 9.
2112
What is b52 (base 12) in base 9?
2228
-3010 (base 6) to base 14
-34a
Convert -11000001000100 (base 2) to base 8.
-30104
What is -91a (base 11) in base 5?
-13420
Convert 18403 (base 11) to base 14.
9572
-134a (base 14) to base 6
-23422
Convert 330302 (base 4) to base 9.
5302
-141a1 (base 12) to base 8
-66411
Convert 98 (base 16) to base 15.
a2
10211000102 (base 3) to base 12
37562
8aa (base 16) to base 10
2218
What is 10101110101 (base 2) in base 16?
575
Convert 52110 (base 6) to base 4.
1230222
Convert 48363 (base 11) to base 15.
1597e
What is 200133 (base 4) in base 3?
2212000
Convert -20200211 (base 3) to base 4.
-1030102
-237e (base 16) to base 15
-2a5b
Convert -203525 (base 6) to base 13.
-7604
110101001100 (base 2) to base 10
3404
Convert -8ace (base 15) to base 11.
-20138
Convert 963 (base 12) to base 15.
616
What is 3243 (base 7) in base 13?
6b1
be (base 16) to base 14
d8
Convert 222010 (base 3) to base 14.
385
What is 14352 (base 6) in base 16?
8fc
What is -363 (base 15) in base 12?
-540
Convert 13579 (base 11) to base 3.
222111202
What is -10002101 (base 4) in base 11?
-11467
824 (base 9) to base 12
47a
Convert 2011 (base 13) to base 16.
1138
224a (base 13) to base 8
11272
Convert 174a1 (base 12) to base 2.
1000001011111001
-3112 (base 11) to base 10
-4127
Convert -4b6 (base 12) to base 3.
-222110
What is 42952 (base 10) in base 6?
530504
Convert -3c3 (base 14) to base 15.
-359
-5644 (base 12) to base 3
-111002221
-10161 (base 8) to base 16
-1071
What is -664 (base 9) in base 6?
-2304
Convert 7e4 (base 15) to base 2.
11011111101
What is -617 (base 14) in base 11?
-999
Convert -256 (base 7) to base 4.
-2023
Convert -13332020 (base 4) to base 13.
-11b25
Convert 140e (base 15) to base 12.
2595
Convert -23353 (base 7) to base 15.
-1bb1
Convert -22a (base 11) to base 3.
-101011
-11111001010001 (base 2) to base 5
-1002303
What is 1d1a (base 15) in base 3?
22200021
-445 (base 16) to base 9
-1444
Convert -1cf (base 16) to base 15.
-20d
What is c2cb (base 14) in base 6?
415031
Convert 101110100001000 (base 2) to base 12.
11948
-1602 (base 11) to base 3
-2211021
Convert -3106 (base 12) to base 3.
-21022120
2242 (base 7) to base 16
32e
30824 (base 13) to base 14
23a2d
What is -2002110 (base 3) in base 12?
-a70
Convert 5003 (base 10) to base 8.
11613
Convert 6b8 (base 13) to base 5.
14130
What is -56222 (base 7) in base 4?
-3131201
What is 1b8 (base 15) in base 16?
18e
What is 1402 (base 8) in base 12?
542
What is b68 (base 14) in base 15?
9ed
Convert 214 (base 16) to base 6.
2244
-12022012 (base 3) to base 2
-111100011010
Convert -123021 (base 5) to base 9.
-6470
What is 1 (base 2) in base 3?
1
Convert 40c (base 13) to base 7.
2002
What is 2008 (base 9) in base 12?
a22
What is 1016 (base 11) in base 16?
544
Convert -10022201 (base 3) to base 15.
-ab7
What is 94d7 (base 15) in base 4?
13223311
-11100221 (base 3) to base 12
-1a14
What is -7618 (base 12) in base 11?
-9830
11110001111110 (base 2) to base 12
8b66
Convert -4b3 (base 13) to base 2.
-1100110110
What is 10020 (base 5) in base 8?
1173
Convert 899a (base 15) to base 11.
1aa09
What is 12230211 (base 4) in base 3?
1101121220
Convert 30914 (base 10) to base 8.
74302
Convert 21314 (base 9) to base 15.
42a7
What is -10a42 (base 13) in base 11?
-20850
-101121 (base 3) to base 6
-1154
-2012121 (base 5) to base 7
-162523
Convert 2a2 (base 15) to base 16.
25a
-20520 (base 6) to base 14
-102c
-1100011111010 (base 2) to base 11
-4893
Convert d253 (base 15) to base 14.
12279
Convert 1000010010 (base 2) to base 6.
2242
What is -1663 (base 1